 44 is divided by z(-7).
14
Let w be -1 + 8 + -2 + -1. Suppose 0 = -x - x - w. Calculate the remainder when 3 is divided by (-1)/(-3) + x/(-3).
0
Let h = 6 + -2. Suppose -2*q - 7 + 4 = -3*a, 2*a + 9 = 5*q. Let c = a - 0. What is the remainder when h is divided by c?
1
Let c(d) = -d**3 + 12*d**2 + 31*d + 2. Calculate the remainder when c(14) is divided by 8.
4
Suppose 6*g - 2*g + 9 = t, -3*t - 4*g = -11. Suppose -t*j + 34 = -151. What is the remainder when j is divided by ((-2)/2)/((-1)/13)?
11
Suppose -g + 4 = 1. Let r(z) = z + 11. Let n be r(-8). Let j = n + g. Calculate the remainder when j is divided by 4.
2
Let q = 19 + -10. Suppose 3 = 3*x - 12. Calculate the remainder when q is divided by x.
4
Suppose 219 + 161 = -4*p. Let m = p + 169. What is the remainder when m is divided by 19?
17
Suppose 0 = -2*n + 36 - 4. Suppose -24 = 2*b + b. Let c = 14 + b. What is the remainder when n is divided by c?
4
Suppose 3*k = 2*g - 4, 2*g = 3*k + 2*k. Calculate the remainder when 26 is divided by 3*21/18*k.
5
Let u = 12 - -20. What is the remainder when u is divided by (2 - 2) + 9 + 2?
10
Let z(n) = n**3 + 2*n**2 - 4*n - 1. Let p be z(-3). Let w be 18 - 2*(3 - p). Let d = w - -5. Calculate the remainder when 62 is divided by d.
20
Calculate the remainder when 6*(-3)/(-2) - -1 is divided by 4.
2
Suppose 0 = -3*k - 1 + 7. Calculate the remainder when (k - 3) + (-1 - -4) is divided by 2.
0
Suppose -4*f = i - 45, -5*i + f + 320 = 2*f. What is the remainder when i is divided by 17?
14
Calculate the remainder when 14/21 + 184/12 is divided by 11.
5
What is the remainder when (1 - 2)*(110/(-5) + 3) is divided by 5?
4
Suppose 13*n - 290 = 763. What is the remainder when n is divided by 21?
18
Let h(v) = 6*v - 10. Calculate the remainder when 117 is divided by h(5).
17
Suppose 23*z - 35 = 18*z. Calculate the remainder when (-2)/(-4) + 39/2 is divided by z.
6
Let g(b) = -2*b + 12. What is the remainder when 16 is divided by g(3)?
4
Calculate the remainder when 58 is divided by 2/6 - 712/(-24).
28
Suppose 0 = 5*x + 7*m - 2*m - 35, -3*x + 5*m - 11 = 0. What is the remainder when 10 is divided by x?
1
Suppose 136 = 5*f - 159. What is the remainder when f is divided by 13?
7
Let c = 5 + -8. Let j = c - -17. Suppose 0 = -2*i - 2*i - 4*d + 96, -33 = -i + 2*d. Calculate the remainder when i is divided by j.
13
Let c(x) = x**2 + 3*x + 13. Calculate the remainder when 116 is divided by c(-4).
14
Let h(p) = -p**3 + 3*p**2 + 4*p + 2. Let f be h(4). Suppose f - 3 = -d. Suppose 0 = -s + 6 + d. Calculate the remainder when s is divided by 3.
1
Suppose -2*c + 3*c - 11 = 0. Calculate the remainder when c is divided by 4.
3
Let h = -9 + 12. Calculate the remainder when (h + 10/(-3))*-69 is divided by 8.
7
Let f(p) = -5*p**2 - 8*p + 19. Let l(x) = x**2 + 2*x - 5. Let j(r) = -2*f(r) - 9*l(r). Calculate the remainder when j(8) is divided by 19.
17
Let n = 3 + -1. Suppose 0 = -3*r + p + 18, -20 = -2*r - n*p - 0*p. What is the remainder when 12 is divided by r?
5
Suppose -4*q + 200 = -0*q. What is the remainder when q is divided by 13?
11
Let u(q) = -1. Let i(n) = -5*n. Let z(p) = -i(p) + 3*u(p). What is the remainder when 35 is divided by z(3)?
11
Let j = -47 + 114. Calculate the remainder when j is divided by 14.
11
Let m(t) = -t + 13. Calculate the remainder when 11 is divided by m(9).
3
Suppose -3*x + 8*x = 215. Let z(w) be the first derivative of w**4/4 - 2*w**3/3 + w**2 - 4*w + 1. What is the remainder when x is divided by z(3)?
10
Let u(v) = -v**3 + 16*v**2 + 2*v - 7. Calculate the remainder when u(16) is divided by 1 + (-4)/(-6)*9.
4
What is the remainder when (-54)/(-9)*(0 - -5) is divided by 8?
6
Suppose -2*f + 36 = -16. What is the remainder when f is divided by 14?
12
Let r = 22 + -3. Calculate the remainder when r is divided by 11.
8
Let i(k) = -3*k**3 + 1. Let m be i(-1). Suppose 2*n - 23 = -0*n - b, -m*n + 42 = -2*b. Calculate the remainder when 21 is divided by n.
10
Calculate the remainder when 39 is divided by (-315)/(-28) - ((-7)/4)/(-7).
6
Let o(i) = -i**2 + 6*i + 3. Calculate the remainder when 29 is divided by o(5).
5
Let t = -5 - -17. Let l(b) = b**2 - 4*b + 5. Let d be l(4). Suppose -p = -3*g + 6*g - 8, -125 = -d*p + 2*g. Calculate the remainder when p is divided by t.
11
Let l(y) = 8*y + 1. Let i be (-2)/(-8) - (-3)/4. Suppose -2*x + 64 = 4*z, -5*x + 9*x - 2*z - 98 = 0. Calculate the remainder when x is divided by l(i).
8
Suppose -3*n + a - 29 = 2, -4*a = -4. Suppose 3*f = 59 + 40. What is the remainder when f is divided by -30*((-6)/n - 1)?
9
Suppose 11*a = -3*a + 28. What is the remainder when 19 is divided by a?
1
Let i = 17 - 14. Calculate the remainder when 10 is divided by i.
1
Suppose -12 = -4*w, 2*w + 2 + 7 = 3*m. Suppose -151 - 9 = -m*z. What is the remainder when z is divided by 9?
5
Let p(d) = d**3 + 11*d**2 - 4*d - 30. Let w(f) = -f + 2. Let z be w(-4). Calculate the remainder when p(-11) is divided by -3*((-10)/z - 1).
6
Let r be 0 + (-1 - -1) + -11. Let m = 26 + r. Let o(d) = d**2 - d + 44. Calculate the remainder when o(0) is divided by m.
14
Let u(i) = 13*i**2 - i + 1. Suppose -6*x + 6 = -3*x. Calculate the remainder when u(x) is divided by 13.
12
Suppose 95 = 4*k - 3*r, k = 2*r + 32 - 2. Let i = k + 56. Let l = -51 + i. What is the remainder when l is divided by 14?
11
Let l be 4/(-16) - 286/8. Let c = -1 - l. Suppose -4*x = -5*t - 23, 0 = 5*x - 4*x + 3*t - 27. What is the remainder when c is divided by x?
11
Let i(a) = a**3 + a**2 - 2*a - 5. Let z be i(-4). Let w = -21 - z. Calculate the remainder when w is divided by 13.
11
Suppose -34 = -4*o + 6*k - 3*k, -5*o + 5*k = -40. What is the remainder when (-8)/(-6)*(-57)/(-2) is divided by o?
8
Suppose -3*n - 2*n + 15 = 3*r, 4*n = -r + 12. Let q = 1 + n. Calculate the remainder when q is divided by ((-1)/2)/((-2)/8).
0
Suppose 5*p - 34 - 6 = 0. Let v = p - 2. What is the remainder when v is divided by 4?
2
Calculate the remainder when 18/(-5)*75/(-10) is divided by 15.
12
Suppose -3*t + 9 + 23 = -4*p, 76 = 4*t + 3*p. Suppose -20 = -5*b + 210. What is the remainder when b is divided by t?
14
Let u(r) = r**3 + 5*r**2 - 3*r + 4. Let h be u(4). Suppose 3*b = -b + h. What is the remainder when b is divided by -3*((-1)/(-6) + (-300)/72)?
10
Suppose 0 = 5*u + 3*i - 31, 10 - 43 = -5*u - 4*i. Let x = 6 - 5. Suppose x - u = -l. Calculate the remainder when 6 is divided by l.
2
Suppose 4*r - 15 = 5. Suppose 3*k - 128 = -0*k - 2*z, 2*z + 240 = r*k. What is the remainder when k is divided by 16?
14
Let y = 22 - 18. Calculate the remainder when 6 is divided by y.
2
Calculate the remainder when 663/(-26)*(-8)/3 is divided by 14.
12
Let r(h) = 2*h**2 + h - 4. Calculate the remainder when r(-3) is divided by 5.
1
Let m = 6 - 3. Let h = -61 + 98. Suppose -m*n + h = 3*x - 2*n, -11 = -x + n. What is the remainder when 35 is divided by x?
11
Let q = 181 - 122. What is the remainder when q is divided by 31?
28
Let p(v) = v**3 - 3*v**2 + 2*v - 5. Let w = 91 - 16. Suppose 55 = 3*q + 5*z, 0 = 3*q + 2*q + 5*z - w. Calculate the remainder when p(4) is divided by q.
9
Suppose -6 = -3*i + 9. Let b be ((-3)/i)/((-3)/15). Let h(v) = 7*v + 1. What is the remainder when h(b) is divided by 8?
6
Let q(b) = b**3 + 5*b**2 + 2*b - 1. Calculate the remainder when ((2 - 1) + 1)*13 is divided by q(-4).
5
Let a(w) = 4*w - 6. Let c = 7 + -1. Calculate the remainder when a(c) is divided by 10.
8
Suppose 4*y + 56 = 4*o, -5*o - 4*y = -0*y - 88. Suppose 0*b + 2*b - o = -2*g, 3*b + 4*g = 20. What is the remainder when 23 is divided by b?
11
What is the remainder when ((-6)/(-4) + -2)*-14 is divided by 3?
1
Suppose -52 = -g - 3*g. Let s(n) = -n + 5. Let o be s(4). Let i(h) = 35*h**2 + 1. Calculate the remainder when i(o) is divided by g.
10
Let i = 14 + -3. Suppose 3 = -4*p + i. Suppose -v - p*v + 129 = 0. What is the remainder when v is divided by 15?
13
Let r = -47 - -71. What is the remainder when 92 is divided by r?
20
Suppose -16*v + 18*v - 52 = 0. What is the remainder when 129 is divided by v?
25
Suppose -4*d = -3*v + 88, v - 64 = -2*d - 18. Suppose 3*i - 3 = v. Calculate the remainder when 36 is divided by i.
10
Suppose -4 = 4*y - 24. What is the remainder when y is divided by 4?
1
Suppose -c - l = -19, 3*c = 6*l - 2*l + 64. Suppose